 y be p(2). Let b(j) = j + 7. Let t be b(-4). Suppose 3*k - t = y. What is the remainder when 55 is divided by k?
17
Let v(m) = 5*m + 4. Let q(x) = -11*x - 9. Let f(u) = 3*q(u) + 7*v(u). What is the remainder when 13 is divided by f(2)?
3
Let m = 33 + 17. Suppose -m = -v - 4*v. Suppose q - f - 15 = 0, 2*f + 3*f - 39 = -q. What is the remainder when q is divided by v?
9
What is the remainder when 27 is divided by 2/(4 - 44/12)?
3
Suppose 3*g = -g - 24. Let i = -14 - g. Calculate the remainder when (-102)/(-4) - (-4)/i is divided by 9.
7
Suppose 42 = 3*v - 0*v. What is the remainder when 39 is divided by v?
11
Let l(g) = -g - 4. Suppose -4*s - 3 = -2*t - 11, 0 = 5*t - s - 25. Let b be l(t). Let c = b + 24. Calculate the remainder when 41 is divided by c.
13
Suppose 4*a = 3*a + 13. Suppose m + 5 = 10. Suppose 5*p + 4*v - 197 = 0, p - 5*p = -m*v - 133. What is the remainder when p is divided by a?
11
Suppose 0 = 4*l - 13 + 5. Let a(x) = -x**2 - 4*x + 7. What is the remainder when a(-5) is divided by l?
0
Let b(d) = -d**3 + 6*d**2 + 5*d - 20. Calculate the remainder when 29 is divided by b(6).
9
Let t = 0 + 54. What is the remainder when t is divided by 14?
12
Suppose -2*f - 4*s + 24 = 0, 0 = 2*f - s - 27 - 2. Calculate the remainder when f is divided by 10.
4
Let k = -38 - -43. What is the remainder when 19 is divided by k?
4
Suppose 0*i + 12 = -3*i. Let l(o) = -3*o - 8. What is the remainder when 11 is divided by l(i)?
3
Suppose -19 = 3*u - 1. Calculate the remainder when 34 is divided by (-2)/(8/u)*12.
16
Suppose 3*x + 9 - 93 = 0. Let a = 6 + 20. Let s = a - 16. What is the remainder when x is divided by s?
8
Suppose m = -2, 2*q = 6*q + m - 70. What is the remainder when 52 is divided by q?
16
Let c = -14 - -26. Suppose 4*s - c = s. Suppose q + 3*m - 4 = 0, 105 = 5*q + 2*m - s*m. Calculate the remainder when q is divided by 7.
5
What is the remainder when 18/12 + (165/2)/5 is divided by 14?
4
Let m(n) be the third derivative of n**4/12 - 8*n**3/3 + 5*n**2. Suppose -13 + 50 = q. Calculate the remainder when q is divided by m(13).
7
Suppose 0 = o + 4*d - 10, -3*o + 2*d = -5*o + 14. Let h(w) = -15*w + 1. Let f = -6 + 5. Calculate the remainder when h(f) is divided by o.
4
Suppose 3*w - 86 = 3*x - 5*x, 4*w + 5*x = 103. Let h = -9 + w. What is the remainder when h is divided by (1 + -2)*(-2 + -10)?
11
Calculate the remainder when 1 + 0 - 4 - -50 is divided by 24.
23
Let c = 13 + -8. Suppose 3*a + 16 = c*a + 5*d, 3*a - 37 = -d. What is the remainder when a is divided by 7?
6
Calculate the remainder when 1/(-2 + (-339)/(-168)) is divided by ((-19)/(-1))/((-1)/(-1)).
18
Let h(z) = -3*z - 1. Suppose -4*l + 3*d = -7*l - 15, 0 = l - d + 1. Let x = l + 0. Calculate the remainder when h(x) is divided by 3.
2
Suppose 3*o - 148 = o. Calculate the remainder when o is divided by 19.
17
Suppose -5*q + 4*q + 58 = 0. What is the remainder when q is divided by 10?
8
Calculate the remainder when 2120/18 + 0 + (-110)/(-495) is divided by 24.
22
Let r be (2/(-4))/(6/60). Calculate the remainder when 92/10 + 1/r is divided by 4.
1
Let f be ((-4)/6)/((-4)/6). Suppose f = 2*v - 3*p, v - 4*p + 17 = p. What is the remainder when ((-28)/(-8) + 4)*2 is divided by v?
7
Suppose 4*b - 7 = 1. Suppose -5*h - 6*d = -2*d - 239, -2*d + 96 = b*h. What is the remainder when h is divided by ((-1 + 2)*1)/(13/156)?
11
Let x be (-6 - -3)*(-1 + 0). Let f = x - -2. Suppose p - 15 = f. What is the remainder when 38 is divided by p?
18
Suppose 4*m + 3*t - 13 = 11, t - 6 = -m. Let n(y) = y**3 - 8*y**2 + 10*y - 10. Calculate the remainder when n(7) is divided by m.
5
Let h be 4/(-14) - 116/(-14). Let r = -2 + h. Calculate the remainder when 19 is divided by -15*(14/r - 3).
9
What is the remainder when (78/26)/((-6)/(-88)) is divided by 18?
8
Let t(w) = w**3 + 5*w**2 - 7*w - 8. Let q be t(-6). Calculate the remainder when 3 + 1 - (q + 2) is divided by 1 + -1 + (26 - 23).
1
Let y(p) = -p**3 - 4*p**2 - 7*p - 4. What is the remainder when 93 is divided by y(-4)?
21
Let o = 3 + -8. What is the remainder when 40 is divided by 1/5 + (-69)/o?
12
Let u be 0*(5 + -2 + -4). Suppose 0 = -4*d + 2*m + 44, -3*d + 2*m + 53 - 21 = u. What is the remainder when 45 is divided by d?
9
Let c = -10 + 66. Suppose -5*b + 4*b = -19. Calculate the remainder when c is divided by b.
18
Let f(v) = -6*v + 5. Let c(t) = -2*t - 1. Let j be c(-2). Suppose -b = 3*w - 25, -12 = -j*w - 3*b + 3. Calculate the remainder when f(-4) is divided by w.
9
Let i(d) = 33*d + 2. What is the remainder when i(3) is divided by 26?
23
Let i(y) = -18*y**3 + 1. What is the remainder when 69 is divided by i(-1)?
12
Let h be -2 + (-14)/(-1*2). Suppose h - 25 = -2*x. Calculate the remainder when x is divided by 6.
4
Let w(m) = -m - 5. What is the remainder when 14 is divided by w(-10)?
4
Suppose -4*k + 2*b = -8, 2*b + 11 = k + 3. What is the remainder when 23 is divided by 12 + k + -1 - -1?
11
Let g be (12/18)/((-1)/(-6)). Suppose -2*k + 4 = 2*k - g*h, -1 = 4*k + h. Suppose -4*l + 9*l - 140 = k. Calculate the remainder when l is divided by 10.
8
Suppose -8*g = -17*g + 450. Calculate the remainder when 146 is divided by g.
46
Let t(f) = -f**3 + 3. Let u be t(0). Suppose u*x = 2*x. Suppose -3*j + 5*n = -107, 3*j - 7*j + 4*n + 140 = x. Calculate the remainder when j is divided by 12.
10
Suppose 2*j - 60 = -2*j. Let f = -275 - -304. Calculate the remainder when f is divided by j.
14
Calculate the remainder when (-16)/(-120) + (-896)/(-30) is divided by 18.
12
Let c(x) = -x**3 - 7*x**2 - 2*x + 6. What is the remainder when 76 is divided by c(-7)?
16
Suppose 2*g + 3*o = 26, 4*g + g - 3*o - 65 = 0. Let l = 42 - 5. What is the remainder when l is divided by g?
11
Suppose -10 = r + 4*r, -n = -3*r + 8. Suppose 2*t + 22 = -2*i, 0*i + 2*i + 40 = -5*t. Calculate the remainder when (-679)/n - t/4 is divided by 26.
24
Let b = 0 + 1. Let y(j) = -j - 2. Let q = -2 + -1. What is the remainder when y(q) is divided by b?
0
Suppose 36 = -3*h + 156. What is the remainder when h is divided by 42/4 - (-3)/6?
7
Suppose -3*s - 41 = -2*v, -62 = -4*v - 0*v + 2*s. Calculate the remainder when 38 is divided by v.
12
Let f(h) = 5*h**2 - 12 - 6*h - 5*h + h**2 + h**3. Calculate the remainder when 47 is divided by f(-7).
15
Let v = -6 + 10. Suppose 0 = v*i + o - 9 - 8, -4*i + 18 = 2*o. What is the remainder when 12 is divided by i?
0
Let g(i) = 105*i + 3. What is the remainder when g(1) is divided by 130/6 - 1/(-3)?
20
Let q = 3 + -2. What is the remainder when 22 is divided by q/(-1*4/(-24))?
4
Suppose 128 = w - 31. What is the remainder when w is divided by 32?
31
Let w = 5 - -11. Calculate the remainder when 27 is divided by w.
11
Let w(v) = v**3 - 4*v**2 + 2*v + 2. Let k be w(2). Let i = 7 - k. Suppose 0 = -5*n - 25, n - 2*n = 2*d - 27. What is the remainder when d is divided by i?
7
Suppose 5*g - n - 90 = 2*n, g = n + 18. What is the remainder when g is divided by 10?
8
Suppose 2*j + 2*j + 83 = -3*q, -4*j = -16. Let x = q + 58. Let g = -4 + 17. What is the remainder when x is divided by g?
12
Calculate the remainder when 84/((42/(-9))/(-7)) is divided by 44.
38
Suppose 7 = -2*w + 25. Calculate the remainder when 15 is divided by w.
6
Let t(w) = -2*w + 3. Let y be t(3). Let b be (-2)/y*282/(-4). Let q = -7 - b. Calculate the remainder when q is divided by 14.
12
Suppose 2*n + 4*h = 3*h + 17, 2 = -n + 3*h. Suppose 6*z = n*z. Suppose r - 66 + 14 = z. Calculate the remainder when r is divided by 27.
25
Suppose -s - 60 = -5*s. What is the remainder when 149 is divided by s?
14
Let r be -1 + (1 - -3) + 0. Let l(v) = -r + 1 - v + 3 - 3. Calculate the remainder when 2 is divided by l(-4).
0
Let c = -36 + 24. Let h = c - -28. Calculate the remainder when 63 is divided by h.
15
Suppose -3*q = -18 + 12. Calculate the remainder when q/4 + 300/8 is divided by 10.
8
Suppose 0*g + 4*g = 4*r - 176, r - 3*g - 46 = 0. Calculate the remainder when r is divided by 23.
20
Suppose y + 62 = -2*q - 3*y, -5*q - 5*y - 160 = 0. Let m = -3 - q. Let x(d) = d**3 + 7*d**2 + 5*d + 2. Calculate the remainder when m is divided by x(-6).
6
Let n = 9 + -7. What is the remainder when 5 is divided by n?
1
Suppose -y + 18 = -2*m, -3*y + m + 2 = -42. Calculate the remainder when 55 is divided by y.
13
Suppose 3*r